 9. List the prime factors of c(3).
2, 3, 13
Let v(m) = -m**3 + 10*m**2 - 10*m + 15. List the prime factors of v(9).
2, 3
Let d = -7 - -9. Suppose -u + 5*o + 21 = 0, -d*u - 4*o = 2*u - 12. What are the prime factors of u?
2, 3
Let v(q) = -q**2 - 9*q + 11. Let u be v(-10). Suppose 3 = -d + 5*o, -3*o + 13 = 2*d - d. Let x = u + d. What are the prime factors of x?
2
Let g(t) = t + 7. Let q be g(-5). Suppose -5*k + 4*f = -24, 2*k + 2*f - 4 - q = 0. Suppose -13 = -c - k. What are the prime factors of c?
3
List the prime factors of 0 + 168/4 + 1.
43
Let z be (-26)/(-7) - (-16)/56. Suppose 3*t = -4*a + 53, z*t - 14 = -3*a + 66. List the prime factors of t.
23
Suppose 4*a = -3*k - 36, 0*a = 5*a + 2*k + 38. List the prime factors of (26/4)/((-3)/a).
13
Suppose -4 = 2*h, -h = 4*b + 3*h - 12. Suppose -b*z = -5*r + 15, 10 = -3*z - 5. List the prime factors of (-2)/r*(17 + -4).
13
Let q(o) be the first derivative of -o**6/360 + o**5/24 + o**4/8 + o**3 - 1. Let w(x) be the third derivative of q(x). What are the prime factors of w(5)?
3
Let o = 56 + -27. List the prime factors of o.
29
Suppose 4*n + 4*j - 24 = 0, j - 14 = -4*n - n. What are the prime factors of n?
2
Let w(z) = z**2 - z - 1. Let x be w(2). Suppose x = -c - 5. Let h = 10 + c. List the prime factors of h.
2
Let v = 16 - -10. Suppose -3*j - v = -4*j. What are the prime factors of j?
2, 13
Suppose 4*r = -0 + 20, -4*x = -2*r - 206. Suppose 5*k + x = 429. Suppose 3*m - k = -2*m. List the prime factors of m.
3, 5
Let d = 24 + -12. Suppose 3*z = 4 + 2. Suppose -34 = -z*h - d. What are the prime factors of h?
11
Suppose -3*z + 2*v + 17 + 5 = 0, 0 = 3*v + 15. List the prime factors of z.
2
Let d(a) = a**3 - a**2 - 3*a - 3. Let u be d(-3). What are the prime factors of (-334)/u - (-14)/(-105)?
11
Let h(z) = 2*z - 12. Suppose 4*i - 35 = -t, -3*i = -0*i - 5*t - 9. List the prime factors of h(i).
2
Suppose 3*u - 5*r - 38 = 0, 5*r + 39 = 5*u - 31. Let n = -6 + u. Suppose n = 3*h + 3*i - 4*i, -h - 5*i = -30. What are the prime factors of h?
5
Suppose 0 = -4*i - 2*l + 262, 3*i - 4*l - 82 = 87. List the prime factors of i.
3, 7
Suppose 3*t - 4*u = -0*t + 70, 5*u - 105 = -5*t. List the prime factors of t.
2, 11
Suppose -5*z - d = -15, 5*z + 3*d + d - 30 = 0. Suppose -z*a + 72 = -6*a. Let t = 33 + a. List the prime factors of t.
3, 5
Let b(k) = 3*k + 22. Let m be b(-10). What are the prime factors of 2*10 - m/(-8)?
19
Suppose l - 4*m + 2*m = -6, 5*l = 2*m - 14. Let j(z) = -z**3 - 2*z**2 - 4*z - 2. What are the prime factors of j(l)?
2, 3
Let u = -7 + 9. Suppose 22 = u*m - 0*m. List the prime factors of m.
11
Suppose 2*l + 24 = -2*l. Let q = -4 - l. What are the prime factors of q?
2
Suppose -10*t = -126 - 924. What are the prime factors of t?
3, 5, 7
Let h(d) be the second derivative of d**5/20 - 7*d**4/12 + d**3/3 - 5*d**2 - d. Let t be h(7). Suppose 0 = -t*a + 24 - 0. List the prime factors of a.
2, 3
Let d be 14/(-7) - -1*2. Suppose d*p = 4*p + 16, 5*p + 155 = 5*r. List the prime factors of r.
3
Let q = 14 + -16. What are the prime factors of 4/8 - 35/q?
2, 3
Let p(q) = -23*q + 3. List the prime factors of p(-10).
233
Suppose -3*m + i = 5*i + 2, -2*m = -5*i + 9. Let p be 1*-2*(1 + m). What are the prime factors of (p - -4) + (2 - 1)?
7
Suppose -v = 3*t + 3*v - 178, -5*v + 5 = 0. What are the prime factors of t?
2, 29
Let t = 216 - 26. What are the prime factors of t?
2, 5, 19
Suppose 2*t + 10 = 4*t, 4*k + 13 = t. What are the prime factors of 28 - (1 - (k - -1))?
2, 13
Let t = -1 + 3. Let y be -2*t/(-8)*0. Suppose h + y*h = 4. List the prime factors of h.
2
Suppose 2*c = -0*c. Suppose 4*w - 16 = c, 2*v - 3 - 9 = 2*w. List the prime factors of v.
2, 5
List the prime factors of 36 + 60 + -1*(-3 + 1).
2, 7
Suppose 0 = -2*h + 5*h - 15. Let s be h/(10/8) + -1. Suppose 2 + 13 = s*t. List the prime factors of t.
5
List the prime factors of (-20)/(-16)*(3 - 41/(-1)).
5, 11
Suppose 0 = 5*m - 20, 2 = -c + 4*m - 3. List the prime factors of c.
11
Suppose -x = -5*a + 15, -a + 0*a + x - 1 = 0. Suppose a*b - 68 = 112. List the prime factors of b.
3, 5
Suppose 40*s - 36*s - 396 = 0. What are the prime factors of s?
3, 11
Suppose 2*o = -o + 111. Suppose f - 3*t + 8 = 0, -3*f + o - 5 = 5*t. Let m = 7 - f. What are the prime factors of m?
3
Suppose -4*x + 16*x = 348. What are the prime factors of x?
29
Let c(q) = q**3 - 10*q**2 + 2*q - 15. Let z be c(10). Suppose -z = -2*h + 1. List the prime factors of h/(-9) + 102/9.
11
Let k(h) = -h + 8. Suppose 8*f + 2*n + 4 = 3*f, -n - 2 = -4*f. List the prime factors of k(f).
2
Let h(m) = 5*m**3 - 25*m**2 - 2*m - 8. Let l(t) = -2*t**3 + 12*t**2 + t + 4. Let f(a) = -3*h(a) - 7*l(a). List the prime factors of f(-9).
5
Suppose 0 = 4*o - o + 54. Let j be (-34)/(-9) + (-4)/o. Suppose -2*s + 33 = r, 0 = s + 2*s - j*r - 44. List the prime factors of s.
2
Suppose 6*j - 20 = 2*j. Suppose -4*n + 2*n = -z + 9, 2*n = -4*z - 14. Let u = j - n. What are the prime factors of u?
2, 5
Let b = 14 - 10. Suppose b = -3*c + 5*c. List the prime factors of c.
2
Let i(w) = -w**3 - 4*w**2 + 3*w - 5. Suppose 2*v + 2*v + 20 = 0. Let y be i(v). Suppose y*m = m + 12. What are the prime factors of m?
3
Let o(d) = d - 4. Let x be o(9). Suppose 5 = -2*g - x. Let t = g - -15. What are the prime factors of t?
2, 5
Suppose 0*c + 4 = c. Suppose -3*r = -19 + c. What are the prime factors of r?
5
Let u = 7 - 10. Let t = u - -41. Suppose 0*f + t = 2*g - 4*f, 4*g + f - 49 = 0. What are the prime factors of g?
13
Suppose 2*z = 4*u - 106, 69 = -2*u + 5*u - 5*z. List the prime factors of u.
2, 7
Suppose 15 = -5*k - 40. Let f = k - -45. List the prime factors of f.
2, 17
Suppose -q - y = 4*q - 27, 4*y - 8 = 0. Suppose -40 = -3*w - 5*m, 3*w + 2*w - 4*m = q. Suppose 32 = -r + w*r. List the prime factors of r.
2
Suppose 3*r + 0*r - 18 = 0. Suppose -81 = -9*j + r*j. What are the prime factors of j?
3
Suppose 3 = -4*x - 5. Let o be x/8*2*2. Let g = o - -3. What are the prime factors of g?
2
Let s be (6/(-4))/((-9)/12). Suppose -s*z = z - 12. Suppose 3*n + 0*k + k - 36 = 0, 0 = 5*n + z*k - 67. What are the prime factors of n?
11
Suppose -8 = -5*q + 3*q. Suppose 2*u + q = y - 21, -3*u + 30 = y. Suppose 0*r = -3*r + y. List the prime factors of r.
3
Suppose -5*i - 3 = -43. List the prime factors of (-64)/(-6)*18/i.
2, 3
Suppose -5*x + 7 + 298 = 0. Suppose 3*w - 4*s = 59, 4*w + s = x + 5. List the prime factors of w.
17
Let v = -4 + 5. Let g = v - -3. What are the prime factors of g?
2
Suppose 4*w = 3*a + a + 412, -a - 418 = -4*w. What are the prime factors of w?
3, 5, 7
Let s = 88 + 46. List the prime factors of s.
2, 67
Let z be 60/18*(-12)/10. Let p(y) = -y + 1. Let x be p(z). Suppose l = x*l - 12. List the prime factors of l.
3
Let f(t) = -t**3 + 3*t**2 - 3*t + 2. Let l be f(2). Suppose -38 = -5*c + 37. Suppose 2*o = b + c, l = -2*o - 0*b + 4*b + 18. List the prime factors of o.
7
Suppose 0 = -6*g + 8*g - 124. List the prime factors of g.
2, 31
Suppose 2*t - 5*v + 21 = 0, -5*v = -t - 2*t - 24. Let f be (t/2)/((-4)/8). Suppose 4*o - 44 = l + 4*l, -2*o - f*l = 0. What are the prime factors of o?
2, 3
Let a = 68 + -38. List the prime factors of a/12*(-82)/(-5).
41
Suppose 0 = -3*a + 4*a - 5. Let c be -21*(-2 - 1) + -3. Suppose a*d - 40 = -5*b, -5*b + 2*d + 3*d = -c. List the prime factors of b.
2, 5
Let w(u) = -u**2 - 5*u - 1. Let g be w(-4). Suppose -38 = d + 3*v, g*d - 5*v + 0 + 100 = 0. List the prime factors of ((-90)/d)/((-3)/(-14)).
2, 3
Let r = -4 + -2. Let s(i) = -i**2 - 8*i - 1. What are the prime factors of s(r)?
11
Let j = -250 - -412. List the prime factors of j.
2, 3
Let t(a) = 6*a**2 - 4*a**2 - 2*a**2 - 9 + 4*a + a**2. Suppose 0 = -2*b + 3*b + 7. List the prime factors of t(b).
2, 3
Suppose 0 = 4*m + m - 105. What are the prime factors of m?
3, 7
Suppose 27 = 5*g - 3. Suppose g = -k + 3*k. What are the prime factors of (2/7)/(k/21)?
2
Let x(t) = 3*t - 18. List the prime factors of x(14).
2, 3
Let q(s) = -105 + 116 + s + 0*s. What are the prime factors of q(0)?
11
Let s = -36 + 93. Suppose 2*l = -4*x + 22, 7 = -5*x + 5*l + s. List the prime factors of x.
7
Let p(m) = m**3 - 2*m**2 + m - 3. Let w(b) = 3*b - 3. Let f be w(2). What are the prime factors of p(f)?
3
Let q be 0 - -4 - (-5 + 3). List the prime factors of q/8*(-